when 20889 is divided by 95.
84
What is the remainder when 22195 is divided by 245?
145
Calculate the remainder when 16032482 is divided by 501014.
34
Calculate the remainder when 103298767 is divided by 3365.
3362
What is the remainder when 429998 is divided by 71664?
14
What is the remainder when 73471 is divided by 36703?
65
Calculate the remainder when 19290 is divided by 19201.
89
What is the remainder when 943763 is divided by 1158?
1151
Calculate the remainder when 72514565 is divided by 42.
11
What is the remainder when 4601561 is divided by 1047?
1043
What is the remainder when 16013326 is divided by 21266?
28
What is the remainder when 3880656 is divided by 742?
738
What is the remainder when 51537 is divided by 1145?
12
Calculate the remainder when 383377190 is divided by 19.
16
What is the remainder when 336635 is divided by 1675?
1635
What is the remainder when 751338 is divided by 751276?
62
Calculate the remainder when 8124700 is divided by 1585.
1575
Calculate the remainder when 8526532 is divided by 8526520.
12
What is the remainder when 149507 is divided by 505?
27
Calculate the remainder when 3700203 is divided by 47.
34
What is the remainder when 319702 is divided by 13895?
117
Calculate the remainder when 156074432 is divided by 76.
72
Calculate the remainder when 3196944 is divided by 399616.
16
What is the remainder when 44644 is divided by 1630?
634
Calculate the remainder when 76350021 is divided by 1896.
1893
What is the remainder when 111866 is divided by 430?
66
Calculate the remainder when 18772 is divided by 18553.
219
What is the remainder when 7302495 is divided by 27350?
45
What is the remainder when 89243 is divided by 267?
65
Calculate the remainder when 480856 is divided by 2580.
976
What is the remainder when 22850066 is divided by 151?
142
What is the remainder when 4321338 is divided by 790?
38
What is the remainder when 4124 is divided by 2888?
1236
What is the remainder when 4600919 is divided by 2300438?
43
Calculate the remainder when 153763 is divided by 153724.
39
What is the remainder when 20899 is divided by 6599?
1102
Calculate the remainder when 3523359 is divided by 1837.
1830
What is the remainder when 3605350 is divided by 294?
28
What is the remainder when 7383593 is divided by 434328?
17
What is the remainder when 1673234 is divided by 6?
2
What is the remainder when 9738450 is divided by 9?
0
What is the remainder when 188332 is divided by 2049?
1873
What is the remainder when 5271857 is divided by 1193?
1183
What is the remainder when 4579008 is divided by 1526268?
204
Calculate the remainder when 54973615 is divided by 4797.
4792
What is the remainder when 283783 is divided by 4053?
73
What is the remainder when 4412 is divided by 64?
60
Calculate the remainder when 18713809 is divided by 4678440.
49
What is the remainder when 7964604 is divided by 53?
29
What is the remainder when 335929 is divided by 3999?
13
Calculate the remainder when 18539018 is divided by 121170.
8
Calculate the remainder when 81754086 is divided by 136.
134
What is the remainder when 29032 is divided by 7083?
700
Calculate the remainder when 3202226 is divided by 1285.
6
Calculate the remainder when 1002259 is divided by 52731.
370
What is the remainder when 36872861 is divided by 44?
25
What is the remainder when 1822293 is divided by 12?
9
What is the remainder when 970246 is divided by 409?
98
Calculate the remainder when 4887923 is divided by 407321.
71
Calculate the remainder when 4655882 is divided by 4319.
0
What is the remainder when 2952582 is divided by 525?
507
What is the remainder when 387323 is divided by 12859?
1553
Calculate the remainder when 2112413 is divided by 1056177.
59
Calculate the remainder when 29889 is divided by 27704.
2185
Calculate the remainder when 427297736 is divided by 7.
5
What is the remainder when 1746095 is divided by 1900?
1895
What is the remainder when 2463986 is divided by 615951?
182
What is the remainder when 43218 is divided by 2835?
693
What is the remainder when 246820509 is divided by 31?
28
What is the remainder when 19980223 is divided by 440?
263
What is the remainder when 2788383 is divided by 1621?
263
What is the remainder when 253262 is divided by 120?
62
Calculate the remainder when 40594825 is divided by 687.
682
What is the remainder when 1258893 is divided by 419601?
90
Calculate the remainder when 2775417 is divided by 13604.
201
Calculate the remainder when 179143610 is divided by 39.
35
What is the remainder when 1222797 is divided by 203792?
45
What is the remainder when 7000434 is divided by 215?
34
What is the remainder when 891979 is divided by 3043?
380
Calculate the remainder when 65842 is divided by 16267.
774
What is the remainder when 5640687 is divided by 1410128?
175
What is the remainder when 1843188 is divided by 1843174?
14
Calculate the remainder when 402957 is divided by 2186.
733
What is the remainder when 1758798903 is divided by 8714?
8713
Calculate the remainder when 8988957 is divided by 183.
180
What is the remainder when 31533610 is divided by 118?
116
What is the remainder when 54430 is divided by 2591?
19
What is the remainder when 9528731 is divided by 4764357?
17
What is the remainder when 135518 is divided by 1015?
523
Calculate the remainder when 13981 is divided by 2529.
1336
What is the remainder when 244359 is divided by 608?
551
What is the remainder when 170878132 is divided by 3995?
3992
What is the remainder when 1295665 is divided by 43188?
25
Calculate the remainder when 1368842 is divided by 42.
20
What is the remainder when 640217405 is divided by 13?
9
What is the remainder when 14585401 is divided by 577?
572
Calculate the remainder when 721950 is divided by 721929.
21
What is the remainder when 21534846 is divided by 56?
46
What is the remainder when 475819691 is divided by 14?
11
Calculate the remainder when 8395422 is divided by 1399234.
18
Calculate the remainder when 132160420 is divided by 566.
552
What is the remainder when 335430 is divided by 119?
88
Calculate the remainder when 111651103 is divided by 55825538.
27
Calculate the remainder when 403766 is divided by 2022.
1388
Calculate the remainder when 79398491 is divided by 9905.
11
Calculate the remainder when 32343971 is divided by 650.
621
What is the remainder when 4248978 is divided by 23?
4
What is the remainder when 248582 is divided by 49710?
32
What is the remainder when 130279 is divided by 42705?
2164
Calculate the remainder when 75960238 is divided by 8.
6
What is the remainder when 742273 is divided by 5891?
7
Calculate the remainder when 1673670 is divided by 418231.
746
What is the remainder when 63207605 is divided by 1028?
1025
What is the remainder when 53907333 is divided by 24?
21
What is the remainder when 2749487 is divided by 47?
34
What is the remainder when 884258 is divided by 86?
6
What is the remainder when 310322 is divided by 103189?
755
What is the remainder when 3331097 is divided by 6238?
5
Calculate the remainder when 89597949 is divided by 28.
21
What is the remainder when 3591249 is divided by 71?
69
What is the remainder when 759355 is divided by 120?
115
What is the remainder when 386010 is divided by 192987?
36
What is the remainder when 282270 is divided by 2173?
1953
Calculate the remainder when 3169 is divided by 1097.
975
Calculate the remainder when 465354 is divided by 116318.
82
Calculate the remainder when 84383354 is divided by 553.
531
Calculate the remainder when 493777 is divided by 113.
80
What is the remainder when 1037657 is divided by 20?
17
What is the remainder when 3777303 is divided by 472152?
87
Calculate the remainder when 175768 is divided by 1439.
210
Calculate the remainder when 35690 is divided by 3680.
2570
What is the remainder when 1682798 is divided by 80?
78
What is the remainder when 10177415 is divided by 56857?
12
What is the remainder when 1864416 is divided by 621463?
27
Calculate the remainder when 7798732 is divided by 50.
32
What is the remainder when 397680 is divided by 120?
0
What is the remainder when 813838 is divided by 16258?
938
Calculate the remainder when 36104569 is divided by 12034836.
61
Calculate the remainder when 72460393 is divided by 2370.
13
Calcul